{"id":26,"date":"2025-03-16T12:34:23","date_gmt":"2025-03-16T11:34:23","guid":{"rendered":"http:\/\/elisereaux.com\/?page_id=26"},"modified":"2025-05-29T13:34:43","modified_gmt":"2025-05-29T11:34:43","slug":"contact","status":"publish","type":"page","link":"http:\/\/elisereaux.com\/?page_id=26","title":{"rendered":"Tarif"},"content":{"rendered":"\n<p>La s\u00e9ance individuelle, adulte ou adolescent, dure environ 1h15.<\/p>\n\n\n\n<p>Son tarif est fix\u00e9 \u00e0 60\u20ac.<\/p>\n\n\n\n<p>La s\u00e9ance individuelle, enfant de 4 \u00e0 10 ans*, dure environ 50 minutes.<\/p>\n\n\n\n<p>Son tarif est fix\u00e9 \u00e0 50\u20ac.<\/p>\n\n\n\n<p class=\"has-small-font-size\">*accompagn\u00e9 d&#8217;un adulte<\/p>\n","protected":false},"excerpt":{"rendered":"<p>La s\u00e9ance individuelle, adulte ou adolescent, dure environ 1h15. Son tarif est fix\u00e9 \u00e0 60\u20ac. La s\u00e9ance individuelle, enfant de 4 \u00e0 10 ans*, dure environ 50 minutes. Son tarif &hellip; <\/p>\n","protected":false},"author":1,"featured_media":0,"parent":0,"menu_order":0,"comment_status":"closed","ping_status":"closed","template":"","meta":{"footnotes":""},"class_list":["post-26","page","type-page","status-publish","hentry"],"_links":{"self":[{"href":"http:\/\/elisereaux.com\/index.php?rest_route=\/wp\/v2\/pages\/26","targetHints":{"allow":["GET"]}}],"collection":[{"href":"http:\/\/elisereaux.com\/index.php?rest_route=\/wp\/v2\/pages"}],"about":[{"href":"http:\/\/elisereaux.com\/index.php?rest_route=\/wp\/v2\/types\/page"}],"author":[{"embeddable":true,"href":"http:\/\/elisereaux.com\/index.php?rest_route=\/wp\/v2\/users\/1"}],"replies":[{"embeddable":true,"href":"http:\/\/elisereaux.com\/index.php?rest_route=%2Fwp%2Fv2%2Fcomments&post=26"}],"version-history":[{"count":6,"href":"http:\/\/elisereaux.com\/index.php?rest_route=\/wp\/v2\/pages\/26\/revisions"}],"predecessor-version":[{"id":182,"href":"http:\/\/elisereaux.com\/index.php?rest_route=\/wp\/v2\/pages\/26\/revisions\/182"}],"wp:attachment":[{"href":"http:\/\/elisereaux.com\/index.php?rest_route=%2Fwp%2Fv2%2Fmedia&parent=26"}],"curies":[{"name":"wp","href":"https:\/\/api.w.org\/{rel}","templated":true}]}}