{"id":25,"date":"2025-03-16T12:34:23","date_gmt":"2025-03-16T11:34:23","guid":{"rendered":"http:\/\/elisereaux.com\/?page_id=25"},"modified":"2025-03-16T15:13:33","modified_gmt":"2025-03-16T14:13:33","slug":"a-propos-de","status":"publish","type":"page","link":"http:\/\/elisereaux.com\/?page_id=25","title":{"rendered":"R\u00e9flexologie cranio-sacr\u00e9e"},"content":{"rendered":"\n<ul class=\"wp-block-list\">\n<li><\/li>\n<\/ul>\n\n\n\n<p class=\"has-text-align-center has-text-color has-link-color has-large-font-size wp-elements-20cad7a21fa25b755946210cdd3abc22\" style=\"color:#628972\"><mark style=\"background-color:rgba(0, 0, 0, 0);color:#799d88\" class=\"has-inline-color\"><strong>La r\u00e9flexologie cranio-sacr\u00e9e <\/strong>est une technique d&#8217;ost\u00e9opathie \u00e9nerg\u00e9tique prenant en compte la globalit\u00e9 du corps humain.<\/mark><\/p>\n\n\n\n<p class=\"has-text-align-center\">Cette pratique manuelle douce, simple et non intrusive mise au point par Maurice Poyet et Guy Marchandise se concentre sur l&#8217;\u00e9coute des mouvements fluidiques du corps.<\/p>\n\n\n\n<p class=\"has-text-align-center\">La r\u00e9fl\u00e9xologie cranio-sacr\u00e9e contribue \u00e0 lever les obstacles que le syst\u00e8me physiologique normal n&#8217;arrive pas \u00e0 \u00e9quilibrer. Elle accompagne le corps dans son r\u00f4le naturel d&#8217;autocorrection et d&#8217;autor\u00e9gulation du syst\u00e8me cranio-sacr\u00e9.<\/p>\n\n\n\n<details class=\"wp-block-details is-layout-flow wp-block-details-is-layout-flow\"><summary>A qui s&#8217;adresse la r\u00e9flexologie cranio-sacr\u00e9e ?<\/summary>\n<p>La r\u00e9flexologie cranio-sacr\u00e9e s&#8217;adresse \u00e0 tout le monde et \u00e0 tout \u00e2ge.<\/p>\n<\/details>\n\n\n\n<ul class=\"wp-block-list\"><\/ul>\n\n\n\n<details class=\"wp-block-details is-layout-flow wp-block-details-is-layout-flow\"><summary>Quels sont les domaines d&#8217;action ?<\/summary>\n<p>Elle peut aider sur des probl\u00e9matiques :<\/p>\n\n\n\n<ul class=\"wp-block-list\">\n<li>physiques (douleurs, maladies, etc&#8230;)<\/li>\n\n\n\n<li>psycho\u00e9motionnelles (stress, peurs, anxi\u00e9t\u00e9s, angoisses, difficult\u00e9s d&#8217;apprentissage, de sommeil, de digestion, etc&#8230;)<\/li>\n<\/ul>\n\n\n\n<p>Elle am\u00e9liore, entre autres, la gestion du stress, les troubles de la posture, les performances physiques et intellectuelles, la prise de d\u00e9cision, la confiance en soi&#8230;<\/p>\n\n\n\n<p>Elle aide \u00e0 comprendre la cause d&#8217;un mal-\u00eatre, atteindre ses objectifs et retrouver son plein potentiel.<\/p>\n<\/details>\n\n\n\n<div class=\"wp-block-columns is-layout-flex wp-container-core-columns-is-layout-9d6595d7 wp-block-columns-is-layout-flex\">\n<div class=\"wp-block-column is-layout-flow wp-block-column-is-layout-flow\" style=\"flex-basis:100%\"><\/div>\n<\/div>\n\n\n\n<p class=\"has-text-align-center has-small-font-size\"><em>La r\u00e9flexologie n&#8217;est pas un acte m\u00e9dical, elle ne se substitue \u00e0 aucun traitement m\u00e9dical. De m\u00eame, la r\u00e9flexologie ne pose aucun diagnostic m\u00e9dical et n&#8217;intervient dans aucune d\u00e9cision th\u00e9rapeutique.<\/em><\/p>\n\n\n\n<p><\/p>\n","protected":false},"excerpt":{"rendered":"<p>La r\u00e9flexologie cranio-sacr\u00e9e est une technique d&#8217;ost\u00e9opathie \u00e9nerg\u00e9tique prenant en compte la globalit\u00e9 du corps humain. Cette pratique manuelle douce, simple et non intrusive mise au point par Maurice Poyet &hellip; <\/p>\n","protected":false},"author":1,"featured_media":30,"parent":0,"menu_order":0,"comment_status":"closed","ping_status":"closed","template":"","meta":{"footnotes":""},"class_list":["post-25","page","type-page","status-publish","has-post-thumbnail","hentry"],"_links":{"self":[{"href":"http:\/\/elisereaux.com\/index.php?rest_route=\/wp\/v2\/pages\/25","targetHints":{"allow":["GET"]}}],"collection":[{"href":"http:\/\/elisereaux.com\/index.php?rest_route=\/wp\/v2\/pages"}],"about":[{"href":"http:\/\/elisereaux.com\/index.php?rest_route=\/wp\/v2\/types\/page"}],"author":[{"embeddable":true,"href":"http:\/\/elisereaux.com\/index.php?rest_route=\/wp\/v2\/users\/1"}],"replies":[{"embeddable":true,"href":"http:\/\/elisereaux.com\/index.php?rest_route=%2Fwp%2Fv2%2Fcomments&post=25"}],"version-history":[{"count":31,"href":"http:\/\/elisereaux.com\/index.php?rest_route=\/wp\/v2\/pages\/25\/revisions"}],"predecessor-version":[{"id":123,"href":"http:\/\/elisereaux.com\/index.php?rest_route=\/wp\/v2\/pages\/25\/revisions\/123"}],"wp:featuredmedia":[{"embeddable":true,"href":"http:\/\/elisereaux.com\/index.php?rest_route=\/wp\/v2\/media\/30"}],"wp:attachment":[{"href":"http:\/\/elisereaux.com\/index.php?rest_route=%2Fwp%2Fv2%2Fmedia&parent=25"}],"curies":[{"name":"wp","href":"https:\/\/api.w.org\/{rel}","templated":true}]}}

Réflexologie cranio-sacrée

<ul class="wp-block-list">
<li></li>
</ul>



<p class="has-text-align-center has-text-color has-link-color has-large-font-size wp-elements-20cad7a21fa25b755946210cdd3abc22" style="color:#628972"><mark style="background-color:rgba(0, 0, 0, 0);color:#799d88" class="has-inline-color"><strong>La réflexologie cranio-sacrée </strong>est une technique d&#8217;ostéopathie énergétique prenant en compte la globalité du corps humain.</mark></p>



<p class="has-text-align-center">Cette pratique manuelle douce, simple et non intrusive mise au point par Maurice Poyet et Guy Marchandise se concentre sur l&#8217;écoute des mouvements fluidiques du corps.</p>



<p class="has-text-align-center">La réfléxologie cranio-sacrée contribue à lever les obstacles que le système physiologique normal n&#8217;arrive pas à équilibrer. Elle accompagne le corps dans son rôle naturel d&#8217;autocorrection et d&#8217;autorégulation du système cranio-sacré.</p>



<details class="wp-block-details is-layout-flow wp-block-details-is-layout-flow"><summary>A qui s&#8217;adresse la réflexologie cranio-sacrée ?</summary>
<p>La réflexologie cranio-sacrée s&#8217;adresse à tout le monde et à tout âge.</p>
</details>



<ul class="wp-block-list"></ul>



<details class="wp-block-details is-layout-flow wp-block-details-is-layout-flow"><summary>Quels sont les domaines d&#8217;action ?</summary>
<p>Elle peut aider sur des problématiques :</p>



<ul class="wp-block-list">
<li>physiques (douleurs, maladies, etc&#8230;)</li>



<li>psychoémotionnelles (stress, peurs, anxiétés, angoisses, difficultés d&#8217;apprentissage, de sommeil, de digestion, etc&#8230;)</li>
</ul>



<p>Elle améliore, entre autres, la gestion du stress, les troubles de la posture, les performances physiques et intellectuelles, la prise de décision, la confiance en soi&#8230;</p>



<p>Elle aide à comprendre la cause d&#8217;un mal-être, atteindre ses objectifs et retrouver son plein potentiel.</p>
</details>



<div class="wp-block-columns is-layout-flex wp-container-core-columns-is-layout-9d6595d7 wp-block-columns-is-layout-flex">
<div class="wp-block-column is-layout-flow wp-block-column-is-layout-flow" style="flex-basis:100%"></div>
</div>



<p class="has-text-align-center has-small-font-size"><em>La réflexologie n&#8217;est pas un acte médical, elle ne se substitue à aucun traitement médical. De même, la réflexologie ne pose aucun diagnostic médical et n&#8217;intervient dans aucune décision thérapeutique.</em></p>



<p></p>

<p>La réflexologie cranio-sacrée est une technique d&#8217;ostéopathie énergétique prenant en compte la globalité du corps humain. Cette pratique manuelle douce, simple et non intrusive mise au point par Maurice Poyet &hellip; </p>
